{"id":68,"date":"2023-12-12T07:17:12","date_gmt":"2023-12-12T06:17:12","guid":{"rendered":"https:\/\/xn--caroline-perret-ditticienne-socb.fr\/?page_id=68"},"modified":"2026-02-07T18:08:59","modified_gmt":"2026-02-07T17:08:59","slug":"consultations","status":"publish","type":"page","link":"https:\/\/xn--caroline-perret-ditticienne-socb.fr\/?page_id=68","title":{"rendered":"CONSULTATIONS"},"content":{"rendered":"\t\t<div data-elementor-type=\"wp-page\" data-elementor-id=\"68\" class=\"elementor elementor-68\">\n\t\t\t\t<div class=\"elementor-element elementor-element-a63e216 e-flex e-con-boxed e-con e-parent\" data-id=\"a63e216\" data-element_type=\"container\" data-e-type=\"container\">\n\t\t\t\t\t<div class=\"e-con-inner\">\n\t\t\t\t<div class=\"elementor-element elementor-element-73500c1 elementor-widget elementor-widget-image\" data-id=\"73500c1\" data-element_type=\"widget\" data-e-type=\"widget\" data-widget_type=\"image.default\">\n\t\t\t\t<div class=\"elementor-widget-container\">\n\t\t\t\t\t\t\t\t\t\t\t\t\t\t\t<img fetchpriority=\"high\" decoding=\"async\" width=\"851\" height=\"315\" src=\"https:\/\/xn--caroline-perret-ditticienne-socb.fr\/wp-content\/uploads\/2026\/02\/Photographie-Studio-Facebook-Couverture-6.png\" class=\"attachment-large size-large wp-image-592\" alt=\"\" srcset=\"https:\/\/xn--caroline-perret-ditticienne-socb.fr\/wp-content\/uploads\/2026\/02\/Photographie-Studio-Facebook-Couverture-6.png 851w, https:\/\/xn--caroline-perret-ditticienne-socb.fr\/wp-content\/uploads\/2026\/02\/Photographie-Studio-Facebook-Couverture-6-300x111.png 300w, https:\/\/xn--caroline-perret-ditticienne-socb.fr\/wp-content\/uploads\/2026\/02\/Photographie-Studio-Facebook-Couverture-6-768x284.png 768w\" sizes=\"(max-width: 851px) 100vw, 851px\" \/>\t\t\t\t\t\t\t\t\t\t\t\t\t\t\t<\/div>\n\t\t\t\t<\/div>\n\t\t\t\t\t<\/div>\n\t\t\t\t<\/div>\n\t\t<div class=\"elementor-element elementor-element-fa799f7 e-flex e-con-boxed e-con e-parent\" data-id=\"fa799f7\" data-element_type=\"container\" data-e-type=\"container\">\n\t\t\t\t\t<div class=\"e-con-inner\">\n\t\t\t\t<div class=\"elementor-element elementor-element-b7edb0f elementor-widget elementor-widget-heading\" data-id=\"b7edb0f\" data-element_type=\"widget\" data-e-type=\"widget\" data-widget_type=\"heading.default\">\n\t\t\t\t<div class=\"elementor-widget-container\">\n\t\t\t\t\t<h2 class=\"elementor-heading-title elementor-size-default\">ACCOMPAGNEMENT<\/h2>\t\t\t\t<\/div>\n\t\t\t\t<\/div>\n\t\t\t\t\t<\/div>\n\t\t\t\t<\/div>\n\t\t<div class=\"elementor-element elementor-element-9c721c2 e-flex e-con-boxed e-con e-parent\" data-id=\"9c721c2\" data-element_type=\"container\" data-e-type=\"container\">\n\t\t\t\t\t<div class=\"e-con-inner\">\n\t\t\t\t<div class=\"elementor-element elementor-element-c131895 elementor-widget elementor-widget-text-editor\" data-id=\"c131895\" data-element_type=\"widget\" data-e-type=\"widget\" data-widget_type=\"text-editor.default\">\n\t\t\t\t<div class=\"elementor-widget-container\">\n\t\t\t\t\t\t\t\t\t<p>Lors des accompagnements nous construisons ensemble, lors d&#8217;<b>une premi\u00e8re consultation diagnostic<\/b>, un plan d&#8217;action adapt\u00e9 \u00e0 vos besoins et\/ou la prescription de votre m\u00e9decin, vos habitudes de vie et vos objectifs.&nbsp;<\/p>\n<p>Pour ce faire, une anamn\u00e8se et une enqu\u00eate sont r\u00e9alis\u00e9es afin de d\u00e9terminer quelles suites \u00e0 donner. <b>Le nombre de s\u00e9ances suivant le diagnostic d\u00e9pend de vos besoins et de vos r\u00e9sultats. 2 consultations de suivi au minimum afin de faire un point et \u00e9ventuellement un ajustement des conseils \u00e0 distance de leur mise en application<\/b>. Plusieurs options sont possibles en fonction de ce qu&#8217;il ressort de l&#8217;analyse de la premi\u00e8re s\u00e9ance :<\/p>\n<p><b>&#8211;<\/b>&nbsp; <b>Consultations de suivi<\/b> : pour faire le point sur les d\u00e9marches engag\u00e9es, les r\u00e9sultats obtenus et les ajustements n\u00e9cessaires.&nbsp;<\/p>\n<p>&#8211;&nbsp; &nbsp;<b>S\u00e9ances de psycho\u00e9ducation alimentaire<\/b> : pour apprendre et mieux comprendre le fonctionnement de votre corps et de ses besoins et vous permettre de donner du sens au conseils donn\u00e9s.&nbsp;<\/p>\n<p>&#8211;&nbsp; &nbsp;<b>S\u00e9ances cognitivo sensorielles<\/b> : pour r\u00e9apprendre \u00e0 \u00e9couter votre corps, reconnaitre et comprendre ses signaux et remettre de la conscience dans vos r\u00e9ponses.&nbsp;<\/p>\n<p>&#8211;&nbsp;<b>&nbsp; Ateliers<\/b> : pour apprendre concr\u00e8tement comment mettre en application les conseils, changer sa fa\u00e7on de cuisiner en conservant le plaisir, mettre son corps en mouvement.<\/p>\t\t\t\t\t\t\t\t<\/div>\n\t\t\t\t<\/div>\n\t\t\t\t\t<\/div>\n\t\t\t\t<\/div>\n\t\t<div class=\"elementor-element elementor-element-49d16db e-flex e-con-boxed e-con e-parent\" data-id=\"49d16db\" data-element_type=\"container\" data-e-type=\"container\">\n\t\t\t\t\t<div class=\"e-con-inner\">\n\t\t\t\t<div class=\"elementor-element elementor-element-500bc8f elementor-widget elementor-widget-heading\" data-id=\"500bc8f\" data-element_type=\"widget\" data-e-type=\"widget\" data-widget_type=\"heading.default\">\n\t\t\t\t<div class=\"elementor-widget-container\">\n\t\t\t\t\t<h2 class=\"elementor-heading-title elementor-size-default\">CONSULTATION CONSEIL<\/h2>\t\t\t\t<\/div>\n\t\t\t\t<\/div>\n\t\t\t\t\t<\/div>\n\t\t\t\t<\/div>\n\t\t<div class=\"elementor-element elementor-element-a529bd5 e-flex e-con-boxed e-con e-parent\" data-id=\"a529bd5\" data-element_type=\"container\" data-e-type=\"container\">\n\t\t\t\t\t<div class=\"e-con-inner\">\n\t\t\t\t<div class=\"elementor-element elementor-element-8956429 elementor-widget elementor-widget-text-editor\" data-id=\"8956429\" data-element_type=\"widget\" data-e-type=\"widget\" data-widget_type=\"text-editor.default\">\n\t\t\t\t<div class=\"elementor-widget-container\">\n\t\t\t\t\t\t\t\t\t<p><i>A<\/i>llergie, grossesse et allaitement, diversification alimentaire de votre b\u00e9b\u00e9, ad\u00e9quation entre un traitement et vos repas, vous vous posez des\u00a0<span style=\"color: var( --e-global-color-text ); font-family: var( --e-global-typography-text-font-family ), Sans-serif; font-weight: var( --e-global-typography-text-font-weight ); text-align: var(--text-align);\">questions de l&#8217;ordre de l&#8217;alimentation ?\u00a0<\/span><\/p><p><span style=\"color: var( --e-global-color-text ); font-family: var( --e-global-typography-text-font-family ), Sans-serif; font-weight: var( --e-global-typography-text-font-weight ); text-align: var(--text-align);\">Nous pouvons nous rencontrer lors d&#8217;une simple consultation conseil au cours de laquelle je r\u00e9pondrai \u00e0 vos interrogations et vous fournirai des documents adapt\u00e9s \u00e0 votre probl\u00e9matique.<\/span><\/p>\t\t\t\t\t\t\t\t<\/div>\n\t\t\t\t<\/div>\n\t\t\t\t\t<\/div>\n\t\t\t\t<\/div>\n\t\t<div class=\"elementor-element elementor-element-3dcc92c e-flex e-con-boxed e-con e-parent\" data-id=\"3dcc92c\" data-element_type=\"container\" data-e-type=\"container\">\n\t\t\t\t\t<div class=\"e-con-inner\">\n\t\t\t\t<div class=\"elementor-element elementor-element-6778e69 elementor-widget elementor-widget-image\" data-id=\"6778e69\" data-element_type=\"widget\" data-e-type=\"widget\" data-widget_type=\"image.default\">\n\t\t\t\t<div class=\"elementor-widget-container\">\n\t\t\t\t\t\t\t\t\t\t\t\t\t\t\t<img decoding=\"async\" width=\"768\" height=\"284\" src=\"https:\/\/xn--caroline-perret-ditticienne-socb.fr\/wp-content\/uploads\/2025\/12\/Photographie-Studio-Facebook-Couverture-5-768x284.png\" class=\"attachment-medium_large size-medium_large wp-image-574\" alt=\"\" srcset=\"https:\/\/xn--caroline-perret-ditticienne-socb.fr\/wp-content\/uploads\/2025\/12\/Photographie-Studio-Facebook-Couverture-5-768x284.png 768w, https:\/\/xn--caroline-perret-ditticienne-socb.fr\/wp-content\/uploads\/2025\/12\/Photographie-Studio-Facebook-Couverture-5-300x111.png 300w, https:\/\/xn--caroline-perret-ditticienne-socb.fr\/wp-content\/uploads\/2025\/12\/Photographie-Studio-Facebook-Couverture-5.png 851w\" sizes=\"(max-width: 768px) 100vw, 768px\" \/>\t\t\t\t\t\t\t\t\t\t\t\t\t\t\t<\/div>\n\t\t\t\t<\/div>\n\t\t\t\t\t<\/div>\n\t\t\t\t<\/div>\n\t\t<div class=\"elementor-element elementor-element-d079154 e-flex e-con-boxed e-con e-parent\" data-id=\"d079154\" data-element_type=\"container\" data-e-type=\"container\">\n\t\t\t\t\t<div class=\"e-con-inner\">\n\t\t\t\t<div class=\"elementor-element elementor-element-fa6427b elementor-widget elementor-widget-text-editor\" data-id=\"fa6427b\" data-element_type=\"widget\" data-e-type=\"widget\" data-widget_type=\"text-editor.default\">\n\t\t\t\t<div class=\"elementor-widget-container\">\n\t\t\t\t\t\t\t\t\t<ul><li><b>Accompagnement base :<\/b>\u00a0 une s\u00e9ance diagnostic 1h \u00e0 1h30 + 2 consultations de suivi de 30 \u00e0 45 minutes &#8211; 120\u20ac<\/li><li><b>Consultations de suivi 30 \u00e0 45 minutes &#8211;\u00a0<\/b>30\u20ac<\/li><li><b>Psycho \u00e9ducation alimentaire 1h &#8211;<\/b>\u00a040\u20ac<\/li><li><b>S\u00e9ance cognitivo sensorielle 1h &#8211;\u00a0<\/b>40\u20ac<\/li><li><b>Atelier 1h30 &#8211;\u00a0\u00a0<\/b>50\u20ac mat\u00e9riel\/ingr\u00e9dients compris<\/li><li><b>Consultation Conseil 1h<\/b> &#8211; 70\u20ac<\/li><\/ul><p>Les consultations ne sont pas rembours\u00e9es par la s\u00e9curit\u00e9 sociale (hors parcours de soin sp\u00e9cifique) . Cependant <b>l&#8217;inscription au RPPS\u00a0permet une prise en charge par certaines mutuelles.<\/b> N&#8217;h\u00e9sitez pas \u00e0 vous renseigner aupr\u00e8s de votre compl\u00e9mentaire sant\u00e9 pour connaitre leur politique de remboursement.<\/p>\t\t\t\t\t\t\t\t<\/div>\n\t\t\t\t<\/div>\n\t\t\t\t\t<\/div>\n\t\t\t\t<\/div>\n\t\t<div class=\"elementor-element elementor-element-615ee13 e-flex e-con-boxed e-con e-parent\" data-id=\"615ee13\" data-element_type=\"container\" data-e-type=\"container\">\n\t\t\t\t\t<div class=\"e-con-inner\">\n\t\t\t\t<div class=\"elementor-element elementor-element-676c908 elementor-align-center elementor-widget elementor-widget-button\" data-id=\"676c908\" data-element_type=\"widget\" data-e-type=\"widget\" data-widget_type=\"button.default\">\n\t\t\t\t<div class=\"elementor-widget-container\">\n\t\t\t\t\t\t\t\t\t<div class=\"elementor-button-wrapper\">\n\t\t\t\t\t<a class=\"elementor-button elementor-button-link elementor-size-md\" href=\"https:\/\/xn--caroline-perret-ditticienne-socb.fr\/?page_id=52\">\n\t\t\t\t\t\t<span class=\"elementor-button-content-wrapper\">\n\t\t\t\t\t\t\t\t\t<span class=\"elementor-button-text\">R\u00c9SERVER UNE CONSULTATION<\/span>\n\t\t\t\t\t<\/span>\n\t\t\t\t\t<\/a>\n\t\t\t\t<\/div>\n\t\t\t\t\t\t\t\t<\/div>\n\t\t\t\t<\/div>\n\t\t\t\t\t<\/div>\n\t\t\t\t<\/div>\n\t\t\t\t<\/div>\n\t\t","protected":false},"excerpt":{"rendered":"<p>ACCOMPAGNEMENT Lors des accompagnements nous construisons ensemble, lors d&#8217;une premi\u00e8re consultation diagnostic, un plan d&#8217;action adapt\u00e9 \u00e0 vos besoins et\/ou la prescription de votre m\u00e9decin, vos habitudes de vie et vos objectifs.&nbsp; Pour ce faire, une anamn\u00e8se et une enqu\u00eate sont r\u00e9alis\u00e9es afin de d\u00e9terminer quelles suites \u00e0 donner. Le nombre de s\u00e9ances suivant le&hellip; <br \/> <a class=\"read-more\" href=\"https:\/\/xn--caroline-perret-ditticienne-socb.fr\/?page_id=68\">Read more<\/a><\/p>\n","protected":false},"author":1,"featured_media":0,"parent":0,"menu_order":0,"comment_status":"closed","ping_status":"closed","template":"","meta":{"om_disable_all_campaigns":false,"_monsterinsights_skip_tracking":false,"_monsterinsights_sitenote_active":false,"_monsterinsights_sitenote_note":"","_monsterinsights_sitenote_category":0,"footnotes":""},"class_list":["post-68","page","type-page","status-publish","hentry"],"yoast_head":"<!-- This site is optimized with the Yoast SEO plugin v27.1.1 - https:\/\/yoast.com\/product\/yoast-seo-wordpress\/ -->\n<title>CONSULTATIONS - caroline-perret-di\u00e9t\u00e9ticienne.fr<\/title>\n<meta name=\"robots\" content=\"index, follow, max-snippet:-1, max-image-preview:large, max-video-preview:-1\" \/>\n<link rel=\"canonical\" href=\"https:\/\/xn--caroline-perret-ditticienne-socb.fr\/?page_id=68\" \/>\n<meta property=\"og:locale\" content=\"en_US\" \/>\n<meta property=\"og:type\" content=\"article\" \/>\n<meta property=\"og:title\" content=\"CONSULTATIONS - caroline-perret-di\u00e9t\u00e9ticienne.fr\" \/>\n<meta property=\"og:description\" content=\"ACCOMPAGNEMENT Lors des accompagnements nous construisons ensemble, lors d&#8217;une premi\u00e8re consultation diagnostic, un plan d&#8217;action adapt\u00e9 \u00e0 vos besoins et\/ou la prescription de votre m\u00e9decin, vos habitudes de vie et vos objectifs.&nbsp; Pour ce faire, une anamn\u00e8se et une enqu\u00eate sont r\u00e9alis\u00e9es afin de d\u00e9terminer quelles suites \u00e0 donner. Le nombre de s\u00e9ances suivant le&hellip; Read more\" \/>\n<meta property=\"og:url\" content=\"https:\/\/xn--caroline-perret-ditticienne-socb.fr\/?page_id=68\" \/>\n<meta property=\"og:site_name\" content=\"caroline-perret-di\u00e9t\u00e9ticienne.fr\" \/>\n<meta property=\"article:modified_time\" content=\"2026-02-07T17:08:59+00:00\" \/>\n<meta property=\"og:image\" content=\"http:\/\/xn--caroline-perret-ditticienne-socb.fr\/wp-content\/uploads\/2026\/02\/Photographie-Studio-Facebook-Couverture-6.png\" \/>\n<meta name=\"twitter:card\" content=\"summary_large_image\" \/>\n<meta name=\"twitter:label1\" content=\"Est. reading time\" \/>\n\t<meta name=\"twitter:data1\" content=\"2 minutes\" \/>\n<script type=\"application\/ld+json\" class=\"yoast-schema-graph\">{\"@context\":\"https:\/\/schema.org\",\"@graph\":[{\"@type\":\"WebPage\",\"@id\":\"https:\/\/xn--caroline-perret-ditticienne-socb.fr\/?page_id=68\",\"url\":\"https:\/\/xn--caroline-perret-ditticienne-socb.fr\/?page_id=68\",\"name\":\"CONSULTATIONS - caroline-perret-di\u00e9t\u00e9ticienne.fr\",\"isPartOf\":{\"@id\":\"https:\/\/xn--caroline-perret-ditticienne-socb.fr\/#website\"},\"primaryImageOfPage\":{\"@id\":\"https:\/\/xn--caroline-perret-ditticienne-socb.fr\/?page_id=68#primaryimage\"},\"image\":{\"@id\":\"https:\/\/xn--caroline-perret-ditticienne-socb.fr\/?page_id=68#primaryimage\"},\"thumbnailUrl\":\"http:\/\/xn--caroline-perret-ditticienne-socb.fr\/wp-content\/uploads\/2026\/02\/Photographie-Studio-Facebook-Couverture-6.png\",\"datePublished\":\"2023-12-12T06:17:12+00:00\",\"dateModified\":\"2026-02-07T17:08:59+00:00\",\"breadcrumb\":{\"@id\":\"https:\/\/xn--caroline-perret-ditticienne-socb.fr\/?page_id=68#breadcrumb\"},\"inLanguage\":\"en-US\",\"potentialAction\":[{\"@type\":\"ReadAction\",\"target\":[\"https:\/\/xn--caroline-perret-ditticienne-socb.fr\/?page_id=68\"]}]},{\"@type\":\"ImageObject\",\"inLanguage\":\"en-US\",\"@id\":\"https:\/\/xn--caroline-perret-ditticienne-socb.fr\/?page_id=68#primaryimage\",\"url\":\"http:\/\/xn--caroline-perret-ditticienne-socb.fr\/wp-content\/uploads\/2026\/02\/Photographie-Studio-Facebook-Couverture-6.png\",\"contentUrl\":\"http:\/\/xn--caroline-perret-ditticienne-socb.fr\/wp-content\/uploads\/2026\/02\/Photographie-Studio-Facebook-Couverture-6.png\"},{\"@type\":\"BreadcrumbList\",\"@id\":\"https:\/\/xn--caroline-perret-ditticienne-socb.fr\/?page_id=68#breadcrumb\",\"itemListElement\":[{\"@type\":\"ListItem\",\"position\":1,\"name\":\"Accueil\",\"item\":\"https:\/\/xn--caroline-perret-ditticienne-socb.fr\/\"},{\"@type\":\"ListItem\",\"position\":2,\"name\":\"CONSULTATIONS\"}]},{\"@type\":\"WebSite\",\"@id\":\"https:\/\/xn--caroline-perret-ditticienne-socb.fr\/#website\",\"url\":\"https:\/\/xn--caroline-perret-ditticienne-socb.fr\/\",\"name\":\"caroline-perret-di\u00e9t\u00e9ticienne.fr\",\"description\":\"\",\"potentialAction\":[{\"@type\":\"SearchAction\",\"target\":{\"@type\":\"EntryPoint\",\"urlTemplate\":\"https:\/\/xn--caroline-perret-ditticienne-socb.fr\/?s={search_term_string}\"},\"query-input\":{\"@type\":\"PropertyValueSpecification\",\"valueRequired\":true,\"valueName\":\"search_term_string\"}}],\"inLanguage\":\"en-US\"}]}<\/script>\n<!-- \/ Yoast SEO plugin. -->","yoast_head_json":{"title":"CONSULTATIONS - caroline-perret-di\u00e9t\u00e9ticienne.fr","robots":{"index":"index","follow":"follow","max-snippet":"max-snippet:-1","max-image-preview":"max-image-preview:large","max-video-preview":"max-video-preview:-1"},"canonical":"https:\/\/xn--caroline-perret-ditticienne-socb.fr\/?page_id=68","og_locale":"en_US","og_type":"article","og_title":"CONSULTATIONS - caroline-perret-di\u00e9t\u00e9ticienne.fr","og_description":"ACCOMPAGNEMENT Lors des accompagnements nous construisons ensemble, lors d&#8217;une premi\u00e8re consultation diagnostic, un plan d&#8217;action adapt\u00e9 \u00e0 vos besoins et\/ou la prescription de votre m\u00e9decin, vos habitudes de vie et vos objectifs.&nbsp; Pour ce faire, une anamn\u00e8se et une enqu\u00eate sont r\u00e9alis\u00e9es afin de d\u00e9terminer quelles suites \u00e0 donner. Le nombre de s\u00e9ances suivant le&hellip; Read more","og_url":"https:\/\/xn--caroline-perret-ditticienne-socb.fr\/?page_id=68","og_site_name":"caroline-perret-di\u00e9t\u00e9ticienne.fr","article_modified_time":"2026-02-07T17:08:59+00:00","og_image":[{"url":"http:\/\/xn--caroline-perret-ditticienne-socb.fr\/wp-content\/uploads\/2026\/02\/Photographie-Studio-Facebook-Couverture-6.png","type":"","width":"","height":""}],"twitter_card":"summary_large_image","twitter_misc":{"Est. reading time":"2 minutes"},"schema":{"@context":"https:\/\/schema.org","@graph":[{"@type":"WebPage","@id":"https:\/\/xn--caroline-perret-ditticienne-socb.fr\/?page_id=68","url":"https:\/\/xn--caroline-perret-ditticienne-socb.fr\/?page_id=68","name":"CONSULTATIONS - caroline-perret-di\u00e9t\u00e9ticienne.fr","isPartOf":{"@id":"https:\/\/xn--caroline-perret-ditticienne-socb.fr\/#website"},"primaryImageOfPage":{"@id":"https:\/\/xn--caroline-perret-ditticienne-socb.fr\/?page_id=68#primaryimage"},"image":{"@id":"https:\/\/xn--caroline-perret-ditticienne-socb.fr\/?page_id=68#primaryimage"},"thumbnailUrl":"http:\/\/xn--caroline-perret-ditticienne-socb.fr\/wp-content\/uploads\/2026\/02\/Photographie-Studio-Facebook-Couverture-6.png","datePublished":"2023-12-12T06:17:12+00:00","dateModified":"2026-02-07T17:08:59+00:00","breadcrumb":{"@id":"https:\/\/xn--caroline-perret-ditticienne-socb.fr\/?page_id=68#breadcrumb"},"inLanguage":"en-US","potentialAction":[{"@type":"ReadAction","target":["https:\/\/xn--caroline-perret-ditticienne-socb.fr\/?page_id=68"]}]},{"@type":"ImageObject","inLanguage":"en-US","@id":"https:\/\/xn--caroline-perret-ditticienne-socb.fr\/?page_id=68#primaryimage","url":"http:\/\/xn--caroline-perret-ditticienne-socb.fr\/wp-content\/uploads\/2026\/02\/Photographie-Studio-Facebook-Couverture-6.png","contentUrl":"http:\/\/xn--caroline-perret-ditticienne-socb.fr\/wp-content\/uploads\/2026\/02\/Photographie-Studio-Facebook-Couverture-6.png"},{"@type":"BreadcrumbList","@id":"https:\/\/xn--caroline-perret-ditticienne-socb.fr\/?page_id=68#breadcrumb","itemListElement":[{"@type":"ListItem","position":1,"name":"Accueil","item":"https:\/\/xn--caroline-perret-ditticienne-socb.fr\/"},{"@type":"ListItem","position":2,"name":"CONSULTATIONS"}]},{"@type":"WebSite","@id":"https:\/\/xn--caroline-perret-ditticienne-socb.fr\/#website","url":"https:\/\/xn--caroline-perret-ditticienne-socb.fr\/","name":"caroline-perret-di\u00e9t\u00e9ticienne.fr","description":"","potentialAction":[{"@type":"SearchAction","target":{"@type":"EntryPoint","urlTemplate":"https:\/\/xn--caroline-perret-ditticienne-socb.fr\/?s={search_term_string}"},"query-input":{"@type":"PropertyValueSpecification","valueRequired":true,"valueName":"search_term_string"}}],"inLanguage":"en-US"}]}},"_links":{"self":[{"href":"https:\/\/xn--caroline-perret-ditticienne-socb.fr\/index.php?rest_route=\/wp\/v2\/pages\/68","targetHints":{"allow":["GET"]}}],"collection":[{"href":"https:\/\/xn--caroline-perret-ditticienne-socb.fr\/index.php?rest_route=\/wp\/v2\/pages"}],"about":[{"href":"https:\/\/xn--caroline-perret-ditticienne-socb.fr\/index.php?rest_route=\/wp\/v2\/types\/page"}],"author":[{"embeddable":true,"href":"https:\/\/xn--caroline-perret-ditticienne-socb.fr\/index.php?rest_route=\/wp\/v2\/users\/1"}],"replies":[{"embeddable":true,"href":"https:\/\/xn--caroline-perret-ditticienne-socb.fr\/index.php?rest_route=%2Fwp%2Fv2%2Fcomments&post=68"}],"version-history":[{"count":43,"href":"https:\/\/xn--caroline-perret-ditticienne-socb.fr\/index.php?rest_route=\/wp\/v2\/pages\/68\/revisions"}],"predecessor-version":[{"id":615,"href":"https:\/\/xn--caroline-perret-ditticienne-socb.fr\/index.php?rest_route=\/wp\/v2\/pages\/68\/revisions\/615"}],"wp:attachment":[{"href":"https:\/\/xn--caroline-perret-ditticienne-socb.fr\/index.php?rest_route=%2Fwp%2Fv2%2Fmedia&parent=68"}],"curies":[{"name":"wp","href":"https:\/\/api.w.org\/{rel}","templated":true}]}}